{"id":453,"date":"2021-09-10T11:46:27","date_gmt":"2021-09-10T11:46:27","guid":{"rendered":"https:\/\/envothemes.com\/envo-shopper\/?page_id=453"},"modified":"2026-01-08T23:28:03","modified_gmt":"2026-01-08T22:28:03","slug":"altr-homepage","status":"publish","type":"page","link":"https:\/\/meblestylowe.eu\/","title":{"rendered":"Strona g\u0142\u00f3wna"},"content":{"rendered":"\t\t<div data-elementor-type=\"wp-page\" data-elementor-id=\"453\" class=\"elementor elementor-453\">\n\t\t\t\t<div class=\"elementor-element elementor-element-32f800d e-flex e-con-boxed e-con e-parent\" data-id=\"32f800d\" data-element_type=\"container\">\n\t\t\t\t\t<div class=\"e-con-inner\">\n\t\t\t\t<div class=\"elementor-element elementor-element-ef80ef0 elementor-widget elementor-widget-shortcode\" data-id=\"ef80ef0\" data-element_type=\"widget\" data-widget_type=\"shortcode.default\">\n\t\t\t\t\t\t\t<div class=\"elementor-shortcode\"><\/div>\n\t\t\t\t\t\t<\/div>\n\t\t\t\t\t<\/div>\n\t\t\t\t<\/div>\n\t\t<div class=\"elementor-element elementor-element-6ae1d7a e-flex e-con-boxed e-con e-parent\" data-id=\"6ae1d7a\" data-element_type=\"container\">\n\t\t\t\t\t<div class=\"e-con-inner\">\n\t\t\t\t<div class=\"elementor-element elementor-element-c8a192f elementor-widget-divider--view-line elementor-widget elementor-widget-divider\" data-id=\"c8a192f\" data-element_type=\"widget\" data-widget_type=\"divider.default\">\n\t\t\t\t\t\t\t<div class=\"elementor-divider\">\n\t\t\t<span class=\"elementor-divider-separator\">\n\t\t\t\t\t\t<\/span>\n\t\t<\/div>\n\t\t\t\t\t\t<\/div>\n\t\t\t\t\t<\/div>\n\t\t\t\t<\/div>\n\t\t<div class=\"elementor-element elementor-element-f161379 e-flex e-con-boxed e-con e-parent\" data-id=\"f161379\" data-element_type=\"container\">\n\t\t\t\t\t<div class=\"e-con-inner\">\n\t\t\t\t<div class=\"elementor-element elementor-element-60ba4cb elementor-widget elementor-widget-etww-woo-products\" data-id=\"60ba4cb\" data-element_type=\"widget\" data-widget_type=\"etww-woo-products.default\">\n\t\t\t\t<div class=\"elementor-widget-container\">\n\t\t\t\t\t<div class=\"woocommerce columns-4\"><ul class=\"products columns-4\">\n<li class=\"product type-product post-960 status-publish first instock product_cat-kredensy has-post-thumbnail shipping-taxable purchasable product-type-simple\">\n\t<a href=\"https:\/\/meblestylowe.eu\/?product=kredens-witryna\" class=\"woocommerce-LoopProduct-link woocommerce-loop-product__link\"><img fetchpriority=\"high\" decoding=\"async\" width=\"600\" height=\"600\" src=\"https:\/\/meblestylowe.eu\/wp-content\/uploads\/2026\/01\/IMG_3045-600x600.jpeg\" class=\"attachment-woocommerce_thumbnail size-woocommerce_thumbnail\" alt=\"Kredens - Witryna\" srcset=\"https:\/\/meblestylowe.eu\/wp-content\/uploads\/2026\/01\/IMG_3045-600x600.jpeg 600w, https:\/\/meblestylowe.eu\/wp-content\/uploads\/2026\/01\/IMG_3045-300x300.jpeg 300w, https:\/\/meblestylowe.eu\/wp-content\/uploads\/2026\/01\/IMG_3045-1024x1024.jpeg 1024w, https:\/\/meblestylowe.eu\/wp-content\/uploads\/2026\/01\/IMG_3045-150x150.jpeg 150w, https:\/\/meblestylowe.eu\/wp-content\/uploads\/2026\/01\/IMG_3045-768x768.jpeg 768w, https:\/\/meblestylowe.eu\/wp-content\/uploads\/2026\/01\/IMG_3045-1536x1536.jpeg 1536w, https:\/\/meblestylowe.eu\/wp-content\/uploads\/2026\/01\/IMG_3045-2048x2048.jpeg 2048w, https:\/\/meblestylowe.eu\/wp-content\/uploads\/2026\/01\/IMG_3045-100x100.jpeg 100w\" sizes=\"(max-width: 600px) 100vw, 600px\" \/><h2 class=\"woocommerce-loop-product__title\">Kredens &#8211; Witryna<\/h2>\n\t<span class=\"price\"><span class=\"woocommerce-Price-amount amount\"><bdi>2800,00&nbsp;<span class=\"woocommerce-Price-currencySymbol\">&#122;&#322;<\/span><\/bdi><\/span><\/span>\n<\/a><\/li>\n<li class=\"product type-product post-956 status-publish instock product_cat-inne has-post-thumbnail shipping-taxable purchasable product-type-simple\">\n\t<a href=\"https:\/\/meblestylowe.eu\/?product=lustro-ze-zlotymi-zdobieniami\" class=\"woocommerce-LoopProduct-link woocommerce-loop-product__link\"><img decoding=\"async\" width=\"600\" height=\"600\" src=\"https:\/\/meblestylowe.eu\/wp-content\/uploads\/2026\/01\/IMG_3038-600x600.jpeg\" class=\"attachment-woocommerce_thumbnail size-woocommerce_thumbnail\" alt=\"Lustro ze z\u0142otymi zdobieniami\" srcset=\"https:\/\/meblestylowe.eu\/wp-content\/uploads\/2026\/01\/IMG_3038-600x600.jpeg 600w, https:\/\/meblestylowe.eu\/wp-content\/uploads\/2026\/01\/IMG_3038-300x300.jpeg 300w, https:\/\/meblestylowe.eu\/wp-content\/uploads\/2026\/01\/IMG_3038-1024x1024.jpeg 1024w, https:\/\/meblestylowe.eu\/wp-content\/uploads\/2026\/01\/IMG_3038-150x150.jpeg 150w, https:\/\/meblestylowe.eu\/wp-content\/uploads\/2026\/01\/IMG_3038-768x768.jpeg 768w, https:\/\/meblestylowe.eu\/wp-content\/uploads\/2026\/01\/IMG_3038-1536x1536.jpeg 1536w, https:\/\/meblestylowe.eu\/wp-content\/uploads\/2026\/01\/IMG_3038-2048x2048.jpeg 2048w, https:\/\/meblestylowe.eu\/wp-content\/uploads\/2026\/01\/IMG_3038-100x100.jpeg 100w\" sizes=\"(max-width: 600px) 100vw, 600px\" \/><h2 class=\"woocommerce-loop-product__title\">Lustro ze z\u0142otymi zdobieniami<\/h2>\n\t<span class=\"price\"><span class=\"woocommerce-Price-amount amount\"><bdi>200,00&nbsp;<span class=\"woocommerce-Price-currencySymbol\">&#122;&#322;<\/span><\/bdi><\/span><\/span>\n<\/a><\/li>\n<li class=\"product type-product post-954 status-publish onbackorder product_cat-zegary has-post-thumbnail shipping-taxable product-type-simple\">\n\t<a href=\"https:\/\/meblestylowe.eu\/?product=zegary\" class=\"woocommerce-LoopProduct-link woocommerce-loop-product__link\"><img decoding=\"async\" width=\"600\" height=\"600\" src=\"https:\/\/meblestylowe.eu\/wp-content\/uploads\/2026\/01\/IMG_3017-600x600.jpeg\" class=\"attachment-woocommerce_thumbnail size-woocommerce_thumbnail\" alt=\"Zegary\" srcset=\"https:\/\/meblestylowe.eu\/wp-content\/uploads\/2026\/01\/IMG_3017-600x600.jpeg 600w, https:\/\/meblestylowe.eu\/wp-content\/uploads\/2026\/01\/IMG_3017-300x300.jpeg 300w, https:\/\/meblestylowe.eu\/wp-content\/uploads\/2026\/01\/IMG_3017-1024x1024.jpeg 1024w, https:\/\/meblestylowe.eu\/wp-content\/uploads\/2026\/01\/IMG_3017-150x150.jpeg 150w, https:\/\/meblestylowe.eu\/wp-content\/uploads\/2026\/01\/IMG_3017-768x768.jpeg 768w, https:\/\/meblestylowe.eu\/wp-content\/uploads\/2026\/01\/IMG_3017-1536x1536.jpeg 1536w, https:\/\/meblestylowe.eu\/wp-content\/uploads\/2026\/01\/IMG_3017-2048x2048.jpeg 2048w, https:\/\/meblestylowe.eu\/wp-content\/uploads\/2026\/01\/IMG_3017-100x100.jpeg 100w\" sizes=\"(max-width: 600px) 100vw, 600px\" \/><h2 class=\"woocommerce-loop-product__title\">Zegary<\/h2>\n<\/a><\/li>\n<li class=\"product type-product post-949 status-publish last instock product_cat-komody product_cat-lustra has-post-thumbnail shipping-taxable purchasable product-type-simple\">\n\t<a href=\"https:\/\/meblestylowe.eu\/?product=komoda-z-lustrem\" class=\"woocommerce-LoopProduct-link woocommerce-loop-product__link\"><img loading=\"lazy\" decoding=\"async\" width=\"600\" height=\"600\" src=\"https:\/\/meblestylowe.eu\/wp-content\/uploads\/2026\/01\/IMG_2959-600x600.jpeg\" class=\"attachment-woocommerce_thumbnail size-woocommerce_thumbnail\" alt=\"Komoda z lustrem\" srcset=\"https:\/\/meblestylowe.eu\/wp-content\/uploads\/2026\/01\/IMG_2959-600x600.jpeg 600w, https:\/\/meblestylowe.eu\/wp-content\/uploads\/2026\/01\/IMG_2959-300x300.jpeg 300w, https:\/\/meblestylowe.eu\/wp-content\/uploads\/2026\/01\/IMG_2959-1024x1024.jpeg 1024w, https:\/\/meblestylowe.eu\/wp-content\/uploads\/2026\/01\/IMG_2959-150x150.jpeg 150w, https:\/\/meblestylowe.eu\/wp-content\/uploads\/2026\/01\/IMG_2959-768x768.jpeg 768w, https:\/\/meblestylowe.eu\/wp-content\/uploads\/2026\/01\/IMG_2959-1536x1536.jpeg 1536w, https:\/\/meblestylowe.eu\/wp-content\/uploads\/2026\/01\/IMG_2959-2048x2048.jpeg 2048w, https:\/\/meblestylowe.eu\/wp-content\/uploads\/2026\/01\/IMG_2959-100x100.jpeg 100w\" sizes=\"(max-width: 600px) 100vw, 600px\" \/><h2 class=\"woocommerce-loop-product__title\">Komoda z lustrem<\/h2>\n\t<span class=\"price\"><span class=\"woocommerce-Price-amount amount\"><bdi>2800,00&nbsp;<span class=\"woocommerce-Price-currencySymbol\">&#122;&#322;<\/span><\/bdi><\/span><\/span>\n<\/a><\/li>\n<li class=\"product type-product post-946 status-publish first instock product_cat-komody has-post-thumbnail shipping-taxable purchasable product-type-simple\">\n\t<a href=\"https:\/\/meblestylowe.eu\/?product=bogato-rzezbiona-komoda-kredensowa\" class=\"woocommerce-LoopProduct-link woocommerce-loop-product__link\"><img loading=\"lazy\" decoding=\"async\" width=\"600\" height=\"600\" src=\"https:\/\/meblestylowe.eu\/wp-content\/uploads\/2026\/01\/IMG_2953-600x600.jpeg\" class=\"attachment-woocommerce_thumbnail size-woocommerce_thumbnail\" alt=\"Bufet-okres mi\u0119dzywojenny\" srcset=\"https:\/\/meblestylowe.eu\/wp-content\/uploads\/2026\/01\/IMG_2953-600x600.jpeg 600w, https:\/\/meblestylowe.eu\/wp-content\/uploads\/2026\/01\/IMG_2953-300x300.jpeg 300w, https:\/\/meblestylowe.eu\/wp-content\/uploads\/2026\/01\/IMG_2953-1024x1024.jpeg 1024w, https:\/\/meblestylowe.eu\/wp-content\/uploads\/2026\/01\/IMG_2953-150x150.jpeg 150w, https:\/\/meblestylowe.eu\/wp-content\/uploads\/2026\/01\/IMG_2953-768x768.jpeg 768w, https:\/\/meblestylowe.eu\/wp-content\/uploads\/2026\/01\/IMG_2953-1536x1536.jpeg 1536w, https:\/\/meblestylowe.eu\/wp-content\/uploads\/2026\/01\/IMG_2953-2048x2048.jpeg 2048w, https:\/\/meblestylowe.eu\/wp-content\/uploads\/2026\/01\/IMG_2953-100x100.jpeg 100w\" sizes=\"(max-width: 600px) 100vw, 600px\" \/><h2 class=\"woocommerce-loop-product__title\">Bufet-okres mi\u0119dzywojenny<\/h2>\n\t<span class=\"price\"><span class=\"woocommerce-Price-amount amount\"><bdi>4700,00&nbsp;<span class=\"woocommerce-Price-currencySymbol\">&#122;&#322;<\/span><\/bdi><\/span><\/span>\n<\/a><\/li>\n<li class=\"product type-product post-942 status-publish instock product_cat-inne has-post-thumbnail shipping-taxable purchasable product-type-simple\">\n\t<a href=\"https:\/\/meblestylowe.eu\/?product=sekretarz-drewniany\" class=\"woocommerce-LoopProduct-link woocommerce-loop-product__link\"><img loading=\"lazy\" decoding=\"async\" width=\"600\" height=\"600\" src=\"https:\/\/meblestylowe.eu\/wp-content\/uploads\/2026\/01\/IMG_2941-600x600.jpeg\" class=\"attachment-woocommerce_thumbnail size-woocommerce_thumbnail\" alt=\"Sekretarz drewniany\" srcset=\"https:\/\/meblestylowe.eu\/wp-content\/uploads\/2026\/01\/IMG_2941-600x600.jpeg 600w, https:\/\/meblestylowe.eu\/wp-content\/uploads\/2026\/01\/IMG_2941-300x300.jpeg 300w, https:\/\/meblestylowe.eu\/wp-content\/uploads\/2026\/01\/IMG_2941-1024x1024.jpeg 1024w, https:\/\/meblestylowe.eu\/wp-content\/uploads\/2026\/01\/IMG_2941-150x150.jpeg 150w, https:\/\/meblestylowe.eu\/wp-content\/uploads\/2026\/01\/IMG_2941-768x768.jpeg 768w, https:\/\/meblestylowe.eu\/wp-content\/uploads\/2026\/01\/IMG_2941-1536x1536.jpeg 1536w, https:\/\/meblestylowe.eu\/wp-content\/uploads\/2026\/01\/IMG_2941-2048x2048.jpeg 2048w, https:\/\/meblestylowe.eu\/wp-content\/uploads\/2026\/01\/IMG_2941-100x100.jpeg 100w\" sizes=\"(max-width: 600px) 100vw, 600px\" \/><h2 class=\"woocommerce-loop-product__title\">Sekretarz drewniany<\/h2>\n\t<span class=\"price\"><span class=\"woocommerce-Price-amount amount\"><bdi>1200,00&nbsp;<span class=\"woocommerce-Price-currencySymbol\">&#122;&#322;<\/span><\/bdi><\/span><\/span>\n<\/a><\/li>\n<li class=\"product type-product post-936 status-publish instock product_cat-krzesla has-post-thumbnail sale shipping-taxable purchasable product-type-simple\">\n\t<a href=\"https:\/\/meblestylowe.eu\/?product=piekne-zdobione-krzeslo\" class=\"woocommerce-LoopProduct-link woocommerce-loop-product__link\">\n\t<span class=\"onsale\">Sale!<\/span>\n\t<img loading=\"lazy\" decoding=\"async\" width=\"600\" height=\"600\" src=\"https:\/\/meblestylowe.eu\/wp-content\/uploads\/2026\/01\/IMG_2915-600x600.jpeg\" class=\"attachment-woocommerce_thumbnail size-woocommerce_thumbnail\" alt=\"Pi\u0119kny zdobiony fotel\" srcset=\"https:\/\/meblestylowe.eu\/wp-content\/uploads\/2026\/01\/IMG_2915-600x600.jpeg 600w, https:\/\/meblestylowe.eu\/wp-content\/uploads\/2026\/01\/IMG_2915-300x300.jpeg 300w, https:\/\/meblestylowe.eu\/wp-content\/uploads\/2026\/01\/IMG_2915-1024x1024.jpeg 1024w, https:\/\/meblestylowe.eu\/wp-content\/uploads\/2026\/01\/IMG_2915-150x150.jpeg 150w, https:\/\/meblestylowe.eu\/wp-content\/uploads\/2026\/01\/IMG_2915-768x768.jpeg 768w, https:\/\/meblestylowe.eu\/wp-content\/uploads\/2026\/01\/IMG_2915-1536x1536.jpeg 1536w, https:\/\/meblestylowe.eu\/wp-content\/uploads\/2026\/01\/IMG_2915-2048x2048.jpeg 2048w, https:\/\/meblestylowe.eu\/wp-content\/uploads\/2026\/01\/IMG_2915-100x100.jpeg 100w\" sizes=\"(max-width: 600px) 100vw, 600px\" \/><h2 class=\"woocommerce-loop-product__title\">Pi\u0119kny zdobiony fotel<\/h2>\n\t<span class=\"price\"><del aria-hidden=\"true\"><span class=\"woocommerce-Price-amount amount\"><bdi>450,00&nbsp;<span class=\"woocommerce-Price-currencySymbol\">&#122;&#322;<\/span><\/bdi><\/span><\/del> <span class=\"screen-reader-text\">Original price was: 450,00&nbsp;&#122;&#322;.<\/span><ins aria-hidden=\"true\"><span class=\"woocommerce-Price-amount amount\"><bdi>400,00&nbsp;<span class=\"woocommerce-Price-currencySymbol\">&#122;&#322;<\/span><\/bdi><\/span><\/ins><span class=\"screen-reader-text\">Current price is: 400,00&nbsp;&#122;&#322;.<\/span><\/span>\n<\/a><\/li>\n<li class=\"product type-product post-932 status-publish last instock product_cat-stoly has-post-thumbnail shipping-taxable purchasable product-type-simple\">\n\t<a href=\"https:\/\/meblestylowe.eu\/?product=pol-okragly-stolik-konsolowy\" class=\"woocommerce-LoopProduct-link woocommerce-loop-product__link\"><img loading=\"lazy\" decoding=\"async\" width=\"600\" height=\"600\" src=\"https:\/\/meblestylowe.eu\/wp-content\/uploads\/2026\/01\/IMG_2912-600x600.jpeg\" class=\"attachment-woocommerce_thumbnail size-woocommerce_thumbnail\" alt=\"P\u00f3\u0142 okr\u0105g\u0142y stolik konsolowy\" srcset=\"https:\/\/meblestylowe.eu\/wp-content\/uploads\/2026\/01\/IMG_2912-600x600.jpeg 600w, https:\/\/meblestylowe.eu\/wp-content\/uploads\/2026\/01\/IMG_2912-300x300.jpeg 300w, https:\/\/meblestylowe.eu\/wp-content\/uploads\/2026\/01\/IMG_2912-1024x1024.jpeg 1024w, https:\/\/meblestylowe.eu\/wp-content\/uploads\/2026\/01\/IMG_2912-150x150.jpeg 150w, https:\/\/meblestylowe.eu\/wp-content\/uploads\/2026\/01\/IMG_2912-768x768.jpeg 768w, https:\/\/meblestylowe.eu\/wp-content\/uploads\/2026\/01\/IMG_2912-1536x1536.jpeg 1536w, https:\/\/meblestylowe.eu\/wp-content\/uploads\/2026\/01\/IMG_2912-2048x2048.jpeg 2048w, https:\/\/meblestylowe.eu\/wp-content\/uploads\/2026\/01\/IMG_2912-100x100.jpeg 100w\" sizes=\"(max-width: 600px) 100vw, 600px\" \/><h2 class=\"woocommerce-loop-product__title\">P\u00f3\u0142 okr\u0105g\u0142y stolik konsolowy<\/h2>\n\t<span class=\"price\"><span class=\"woocommerce-Price-amount amount\"><bdi>900,00&nbsp;<span class=\"woocommerce-Price-currencySymbol\">&#122;&#322;<\/span><\/bdi><\/span><\/span>\n<\/a><\/li>\n<\/ul>\n<div class=\"etww-pagination clr\"><ul class='page-numbers'>\n\t<li><span aria-label=\"Page 1\" aria-current=\"page\" class=\"page-numbers current\">1<\/span><\/li>\n\t<li><a aria-label=\"Page 2\" class=\"page-numbers\" href=\"https:\/\/meblestylowe.eu\/index.php?rest_route=%2Fwp%2Fv2%2Fpages%2F453&#038;paged=2\">2<\/a><\/li>\n\t<li><a aria-label=\"Page 3\" class=\"page-numbers\" href=\"https:\/\/meblestylowe.eu\/index.php?rest_route=%2Fwp%2Fv2%2Fpages%2F453&#038;paged=3\">3<\/a><\/li>\n\t<li><a aria-label=\"Page 4\" class=\"page-numbers\" href=\"https:\/\/meblestylowe.eu\/index.php?rest_route=%2Fwp%2Fv2%2Fpages%2F453&#038;paged=4\">4<\/a><\/li>\n\t<li><a class=\"next page-numbers\" href=\"https:\/\/meblestylowe.eu\/index.php?rest_route=%2Fwp%2Fv2%2Fpages%2F453&#038;paged=2\"><i class=\"fas fa-angle-right\"><\/i><\/a><\/li>\n<\/ul>\n<\/div><\/div>\t\t\t\t<\/div>\n\t\t\t\t<\/div>\n\t\t\t\t\t<\/div>\n\t\t\t\t<\/div>\n\t\t<div class=\"elementor-element elementor-element-2d2dcd2 e-grid e-con-boxed e-con e-parent\" data-id=\"2d2dcd2\" data-element_type=\"container\">\n\t\t\t\t\t<div class=\"e-con-inner\">\n\t\t\t\t<div class=\"elementor-element elementor-element-baa528b elementor-position-top elementor-widget elementor-widget-image-box\" data-id=\"baa528b\" data-element_type=\"widget\" data-widget_type=\"image-box.default\">\n\t\t\t\t\t<div class=\"elementor-image-box-wrapper\"><figure class=\"elementor-image-box-img\"><img loading=\"lazy\" decoding=\"async\" width=\"225\" height=\"300\" src=\"https:\/\/meblestylowe.eu\/wp-content\/uploads\/2026\/01\/jacek-kontakt-225x300.jpg\" class=\"attachment-medium size-medium wp-image-841\" alt=\"\" srcset=\"https:\/\/meblestylowe.eu\/wp-content\/uploads\/2026\/01\/jacek-kontakt-225x300.jpg 225w, https:\/\/meblestylowe.eu\/wp-content\/uploads\/2026\/01\/jacek-kontakt-768x1024.jpg 768w, https:\/\/meblestylowe.eu\/wp-content\/uploads\/2026\/01\/jacek-kontakt-1152x1536.jpg 1152w, https:\/\/meblestylowe.eu\/wp-content\/uploads\/2026\/01\/jacek-kontakt-600x800.jpg 600w, https:\/\/meblestylowe.eu\/wp-content\/uploads\/2026\/01\/jacek-kontakt.jpg 1536w\" sizes=\"(max-width: 225px) 100vw, 225px\" \/><\/figure><div class=\"elementor-image-box-content\"><h2 class=\"elementor-image-box-title\">Jacek Puchalski<\/h2><p class=\"elementor-image-box-description\">Witaj w moim nowym \u015bwiecie \ud83d\ude09 Od stycznia tego roku (2026) rozszerzy\u0142em zakres swojej\ndzia\u0142alno\u015bci o sprzeda\u017c u\u017cywanych, stylowych mebli sprowadzanych z Europy Zachodniej.\n\nW ofercie znajduj\u0105 si\u0119 zreszt\u0105 nie tylko meble ale r\u00f3wnie\u017c przedmioty u\u017cytku domowego, przedmioty kolekcjonerskie, porcelana, lustra, \u017cyrandole itp wi\u0119c je\u015bli chcesz umeblowa\u0107 sobie dom w starym, pi\u0119knym stylu serdecznie zapraszam do zapoznania si\u0119 z ofert\u0105 bo jest w czym wybiera\u0107.\n\nPlanuj\u0119 przywozi\u0107 przynajmniej jeden transport mebli w miesi\u0105cu dlatego warto tu b\u0119dzie zagl\u0105da\u0107 raz na jaki\u015b czas a mo\u017ce znajdziesz co\u015b dla siebie. Zapoznaj si\u0119 z godzinami otwarcia, a je\u015bli b\u0119dzie Ci pasowa\u0142o mnie odwiedzi\u0107 poza nimi to zadzwo\u0144 i si\u0119\num\u00f3wimy o dowolnej porze.&nbsp;\n\nZwracam uwag\u0119 na to aby kierowa\u0107 si\u0119 dok\u0142adnie do bramy\nobok kt\u00f3rej wisi baner \u201eU\u017bYWANE MEBLE STYLOWE\u201d, jak r\u00f3wnie\u017c tabliczka adresowa\nLubelska 76.&nbsp;\n\nJeste\u015bmy na ty\u0142ach firmy JARTON w magazynie nr 11 (po metalowych\nschodach na I pi\u0119tro)&nbsp;\n\nZAPRASZAM \ud83d\ude42<\/p><\/div><\/div>\t\t\t\t<\/div>\n\t\t<div class=\"elementor-element elementor-element-ca7d3fd e-con-full e-flex e-con e-child\" data-id=\"ca7d3fd\" data-element_type=\"container\" data-settings=\"{&quot;background_background&quot;:&quot;classic&quot;}\">\n\t\t\t\t<div class=\"elementor-element elementor-element-b1e7817 elementor-widget elementor-widget-heading\" data-id=\"b1e7817\" data-element_type=\"widget\" data-widget_type=\"heading.default\">\n\t\t\t\t\t<h1 class=\"elementor-heading-title elementor-size-default\">KONTAKT<\/h1>\t\t\t\t<\/div>\n\t\t<div class=\"elementor-element elementor-element-229f321 e-grid e-con-full e-con e-child\" data-id=\"229f321\" data-element_type=\"container\">\n\t\t\t\t<div class=\"elementor-element elementor-element-6e47f21 elementor-icon-list--layout-traditional elementor-list-item-link-full_width elementor-widget elementor-widget-icon-list\" data-id=\"6e47f21\" data-element_type=\"widget\" data-widget_type=\"icon-list.default\">\n\t\t\t\t\t\t\t<ul class=\"elementor-icon-list-items\">\n\t\t\t\t\t\t\t<li class=\"elementor-icon-list-item\">\n\t\t\t\t\t\t\t\t\t\t\t<span class=\"elementor-icon-list-icon\">\n\t\t\t\t\t\t\t<svg aria-hidden=\"true\" class=\"e-font-icon-svg e-fas-map-marker-alt\" viewBox=\"0 0 384 512\" xmlns=\"http:\/\/www.w3.org\/2000\/svg\"><path d=\"M172.268 501.67C26.97 291.031 0 269.413 0 192 0 85.961 85.961 0 192 0s192 85.961 192 192c0 77.413-26.97 99.031-172.268 309.67-9.535 13.774-29.93 13.773-39.464 0zM192 272c44.183 0 80-35.817 80-80s-35.817-80-80-80-80 35.817-80 80 35.817 80 80 80z\"><\/path><\/svg>\t\t\t\t\t\t<\/span>\n\t\t\t\t\t\t\t\t\t\t<span class=\"elementor-icon-list-text\">Lubelska 76, Wi\u0105zowna<\/span>\n\t\t\t\t\t\t\t\t\t<\/li>\n\t\t\t\t\t\t\t\t<li class=\"elementor-icon-list-item\">\n\t\t\t\t\t\t\t\t\t\t\t<span class=\"elementor-icon-list-icon\">\n\t\t\t\t\t\t\t<svg aria-hidden=\"true\" class=\"e-font-icon-svg e-far-envelope\" viewBox=\"0 0 512 512\" xmlns=\"http:\/\/www.w3.org\/2000\/svg\"><path d=\"M464 64H48C21.49 64 0 85.49 0 112v288c0 26.51 21.49 48 48 48h416c26.51 0 48-21.49 48-48V112c0-26.51-21.49-48-48-48zm0 48v40.805c-22.422 18.259-58.168 46.651-134.587 106.49-16.841 13.247-50.201 45.072-73.413 44.701-23.208.375-56.579-31.459-73.413-44.701C106.18 199.465 70.425 171.067 48 152.805V112h416zM48 400V214.398c22.914 18.251 55.409 43.862 104.938 82.646 21.857 17.205 60.134 55.186 103.062 54.955 42.717.231 80.509-37.199 103.053-54.947 49.528-38.783 82.032-64.401 104.947-82.653V400H48z\"><\/path><\/svg>\t\t\t\t\t\t<\/span>\n\t\t\t\t\t\t\t\t\t\t<span class=\"elementor-icon-list-text\">jacek@puchalski.eu<\/span>\n\t\t\t\t\t\t\t\t\t<\/li>\n\t\t\t\t\t\t\t\t<li class=\"elementor-icon-list-item\">\n\t\t\t\t\t\t\t\t\t\t\t<span class=\"elementor-icon-list-icon\">\n\t\t\t\t\t\t\t<svg aria-hidden=\"true\" class=\"e-font-icon-svg e-fas-phone\" viewBox=\"0 0 512 512\" xmlns=\"http:\/\/www.w3.org\/2000\/svg\"><path d=\"M493.4 24.6l-104-24c-11.3-2.6-22.9 3.3-27.5 13.9l-48 112c-4.2 9.8-1.4 21.3 6.9 28l60.6 49.6c-36 76.7-98.9 140.5-177.2 177.2l-49.6-60.6c-6.8-8.3-18.2-11.1-28-6.9l-112 48C3.9 366.5-2 378.1.6 389.4l24 104C27.1 504.2 36.7 512 48 512c256.1 0 464-207.5 464-464 0-11.2-7.7-20.9-18.6-23.4z\"><\/path><\/svg>\t\t\t\t\t\t<\/span>\n\t\t\t\t\t\t\t\t\t\t<span class=\"elementor-icon-list-text\">+48 696 066 680<\/span>\n\t\t\t\t\t\t\t\t\t<\/li>\n\t\t\t\t\t\t<\/ul>\n\t\t\t\t\t\t<\/div>\n\t\t\t\t<div class=\"elementor-element elementor-element-f308151 elementor-icon-list--layout-traditional elementor-list-item-link-full_width elementor-widget elementor-widget-icon-list\" data-id=\"f308151\" data-element_type=\"widget\" data-widget_type=\"icon-list.default\">\n\t\t\t\t\t\t\t<ul class=\"elementor-icon-list-items\">\n\t\t\t\t\t\t\t<li class=\"elementor-icon-list-item\">\n\t\t\t\t\t\t\t\t\t\t\t<span class=\"elementor-icon-list-icon\">\n\t\t\t\t\t\t\t<svg aria-hidden=\"true\" class=\"e-font-icon-svg e-fas-clock\" viewBox=\"0 0 512 512\" xmlns=\"http:\/\/www.w3.org\/2000\/svg\"><path d=\"M256,8C119,8,8,119,8,256S119,504,256,504,504,393,504,256,393,8,256,8Zm92.49,313h0l-20,25a16,16,0,0,1-22.49,2.5h0l-67-49.72a40,40,0,0,1-15-31.23V112a16,16,0,0,1,16-16h32a16,16,0,0,1,16,16V256l58,42.5A16,16,0,0,1,348.49,321Z\"><\/path><\/svg>\t\t\t\t\t\t<\/span>\n\t\t\t\t\t\t\t\t\t\t<span class=\"elementor-icon-list-text\"><b>godziny Otwarcia:<\/b>              <\/span>\n\t\t\t\t\t\t\t\t\t<\/li>\n\t\t\t\t\t\t\t\t<li class=\"elementor-icon-list-item\">\n\t\t\t\t\t\t\t\t\t\t<span class=\"elementor-icon-list-text\">poniedzia\u0142ek - zamkni\u0119te<\/span>\n\t\t\t\t\t\t\t\t\t<\/li>\n\t\t\t\t\t\t\t\t<li class=\"elementor-icon-list-item\">\n\t\t\t\t\t\t\t\t\t\t<span class=\"elementor-icon-list-text\">wt-pt 14:00-17:00<\/span>\n\t\t\t\t\t\t\t\t\t<\/li>\n\t\t\t\t\t\t\t\t<li class=\"elementor-icon-list-item\">\n\t\t\t\t\t\t\t\t\t\t<span class=\"elementor-icon-list-text\">Sobota 10:00-14:00<\/span>\n\t\t\t\t\t\t\t\t\t<\/li>\n\t\t\t\t\t\t<\/ul>\n\t\t\t\t\t\t<\/div>\n\t\t\t\t<\/div>\n\t\t\t\t<\/div>\n\t\t\t\t\t<\/div>\n\t\t\t\t<\/div>\n\t\t\t\t<section class=\"elementor-section elementor-top-section elementor-element elementor-element-50ff19d1 elementor-section-full_width elementor-section-height-default elementor-section-height-default\" data-id=\"50ff19d1\" data-element_type=\"section\">\n\t\t\t\t\t\t<div class=\"elementor-container elementor-column-gap-no\">\n\t\t\t\t\t<div class=\"elementor-column elementor-col-100 elementor-top-column elementor-element elementor-element-a4dad2d\" data-id=\"a4dad2d\" data-element_type=\"column\">\n\t\t\t<div class=\"elementor-widget-wrap elementor-element-populated\">\n\t\t\t\t\t\t<div class=\"elementor-element elementor-element-1984949f elementor-widget elementor-widget-google_maps\" data-id=\"1984949f\" data-element_type=\"widget\" data-widget_type=\"google_maps.default\">\n\t\t\t\t\t\t\t<div class=\"elementor-custom-embed\">\n\t\t\t<iframe loading=\"lazy\"\n\t\t\t\t\tsrc=\"https:\/\/maps.google.com\/maps?q=52.18152050090079%2C%2021.289162691545794&#038;t=m&#038;z=10&#038;output=embed&#038;iwloc=near\"\n\t\t\t\t\ttitle=\"52.18152050090079, 21.289162691545794\"\n\t\t\t\t\taria-label=\"52.18152050090079, 21.289162691545794\"\n\t\t\t><\/iframe>\n\t\t<\/div>\n\t\t\t\t\t\t<\/div>\n\t\t\t\t\t<\/div>\n\t\t<\/div>\n\t\t\t\t\t<\/div>\n\t\t<\/section>\n\t\t\t\t<\/div>\n\t\t","protected":false},"excerpt":{"rendered":"<p>Kredens &#8211; Witryna 2800,00&nbsp;&#122;&#322; Lustro ze z\u0142otymi zdobieniami 200,00&nbsp;&#122;&#322; Zegary Komoda z lustrem 2800,00&nbsp;&#122;&#322; Bogato rze\u017abiona komoda kredensowa 4700,00&nbsp;&#122;&#322; Sekretarz drewniany 1200,00&nbsp;&#122;&#322; Promocja! Pi\u0119kne zdobione krzes\u0142o 450,00&nbsp;&#122;&#322; Pierwotna cena wynosi\u0142a: 450,00&nbsp;&#122;&#322;.400,00&nbsp;&#122;&#322;Aktualna cena wynosi: 400,00&nbsp;&#122;&#322;. P\u00f3\u0142 okr\u0105g\u0142y stolik konsolowy 900,00&nbsp;&#122;&#322; 1 2 3 4 Jacek Puchalski Witaj w moim nowym \u015bwiecie \ud83d\ude09 Od stycznia tego roku&hellip;<\/p>\n","protected":false},"author":1,"featured_media":0,"parent":0,"menu_order":0,"comment_status":"closed","ping_status":"closed","template":"templates\/template-page-builders.php","meta":{"footnotes":""},"class_list":["post-453","page","type-page","status-publish","hentry"],"_links":{"self":[{"href":"https:\/\/meblestylowe.eu\/index.php?rest_route=\/wp\/v2\/pages\/453","targetHints":{"allow":["GET"]}}],"collection":[{"href":"https:\/\/meblestylowe.eu\/index.php?rest_route=\/wp\/v2\/pages"}],"about":[{"href":"https:\/\/meblestylowe.eu\/index.php?rest_route=\/wp\/v2\/types\/page"}],"author":[{"embeddable":true,"href":"https:\/\/meblestylowe.eu\/index.php?rest_route=\/wp\/v2\/users\/1"}],"replies":[{"embeddable":true,"href":"https:\/\/meblestylowe.eu\/index.php?rest_route=%2Fwp%2Fv2%2Fcomments&post=453"}],"version-history":[{"count":70,"href":"https:\/\/meblestylowe.eu\/index.php?rest_route=\/wp\/v2\/pages\/453\/revisions"}],"predecessor-version":[{"id":967,"href":"https:\/\/meblestylowe.eu\/index.php?rest_route=\/wp\/v2\/pages\/453\/revisions\/967"}],"wp:attachment":[{"href":"https:\/\/meblestylowe.eu\/index.php?rest_route=%2Fwp%2Fv2%2Fmedia&parent=453"}],"curies":[{"name":"wp","href":"https:\/\/api.w.org\/{rel}","templated":true}]}}